the prime factors of j?
3, 367
Let o(u) = u**3 - 18*u**2 + 25*u + 10. Let l be o(17). Let x = -48 + l. What are the prime factors of x?
2, 7
Suppose 30*s = 29697 + 15933. List the prime factors of s.
3, 13
Let w be (-2)/3 + (-490)/(-15). Suppose 0*p = -4*p - w. Let d = 18 - p. List the prime factors of d.
2, 13
Let o(b) = -27*b + 240. What are the prime factors of o(-12)?
2, 3, 47
Let g = 162 + 99. Suppose 4*o = 5*k + g + 250, 5*k = -o + 159. List the prime factors of o.
2, 67
Let w(r) = 2*r**2 - 56*r + 170. What are the prime factors of w(43)?
2, 5, 73
Let w(y) = -35*y**3 - 4*y**2 + 2. List the prime factors of w(-3).
911
Let x(k) be the second derivative of -k**3/6 - 21*k**2/2 + 2*k. Let t(c) = -c - 10. Let d(n) = 5*t(n) - 2*x(n). What are the prime factors of d(-9)?
19
Suppose -4*l = 3*r - 128, -3*l + 32 = -2*l + 3*r. List the prime factors of l.
2
Let y be (-4)/(-22) + 501/(-33). Let v be ((-36)/(-10))/(6/y). Let s(w) = w**2 - 20. What are the prime factors of s(v)?
61
Let d(h) = -10*h + 7. Let l(i) = -3*i + 2. Let v(o) = 2*d(o) - 7*l(o). Let q be v(3). Suppose -4*m - m = q*j - 13, -3*j = 2*m + 2. List the prime factors of m.
5
Suppose -4*v + 4*k - 3 = -5*v, k = 4*v - 12. Suppose v*p = -2*m + 72 + 22, -3*p - 111 = -3*m. What are the prime factors of m?
41
Let z(w) = 5*w. Let j(x) = 5*x + 4. Let a be j(-3). Let g = -6 - a. What are the prime factors of z(g)?
5
Suppose x - k - 2 = 0, -k + 0*k + 1 = 0. Suppose -35 = -8*g - x. What are the prime factors of g?
2
List the prime factors of 4 + (-6)/2 + 335.
2, 3, 7
Let j = -14 - -34. Suppose j = 5*b, z - 4*b - 132 - 19 = 0. What are the prime factors of z?
167
Suppose 1 = -p + 6. Suppose -3*v = 6, -a = -p*v - 86 - 56. List the prime factors of a.
2, 3, 11
Let y(z) = z**3 - 6*z**2 + 11*z - 6. Let w be y(4). What are the prime factors of (-174)/((-1 - -3)*(5 - w))?
3, 29
Suppose -5*r + 130 + 20 = 0. Suppose -t = -0*t + r. List the prime factors of t/25*(-10)/3.
2
Let r(n) = 11 + 8 - 62*n + 8*n + n. Let g be r(-13). What are the prime factors of (-4)/(-6) + g/18?
2, 5
Suppose 4*k - 4036 = -4*x, 0 = -3*k + 5*x + 2850 + 177. List the prime factors of k.
1009
Suppose -52 = -18*m - 8*m. List the prime factors of m.
2
Let t = -67 - -155. Let n = t + -21. What are the prime factors of n?
67
Let c(y) = 9*y**2 + y + 11. Let f be c(-6). Suppose -6*u + u + 4*v + f = 0, -3 = 3*v. What are the prime factors of u?
5, 13
Let c(d) be the second derivative of 7*d**4/6 - 7*d**3/6 + 9*d**2/2 - 5*d. List the prime factors of c(3).
2, 3, 19
Let a(v) = -69*v**3 + 3*v**2 + 13*v + 23. What are the prime factors of a(-2)?
3, 11, 17
Let x(s) be the third derivative of 4*s**5/15 + s**4/12 + s**3/6 + 10*s**2. What are the prime factors of x(-1)?
3, 5
Suppose 3*h + 4*o - 73 = 0, 2*h = -o - 3*o + 50. Let u = -10 + -4. Let z = h + u. What are the prime factors of z?
3
Suppose 5*q = -5*s + 520, 7*q - 520 = 2*q + s. Suppose 3*t - 4*u - 59 = 0, 33 = -3*t + u + q. List the prime factors of t.
5
Suppose 0 = -5*f + 124 + 11. Let i = f + -46. Let h = i - -27. What are the prime factors of h?
2
Let b = 7 + -5. Suppose -5*j - b*y = 361 + 132, 307 = -3*j - 4*y. What are the prime factors of 12/20 - j/5?
2, 5
Suppose 3008 = 2*q + m, -q = 3*q - 4*m - 6016. List the prime factors of q.
2, 47
Let n(o) = 7*o**2 + 9*o + 50. What are the prime factors of n(-10)?
2, 3, 5, 11
Let c be (0/(-2) - -2)*-5. Let v be (-65)/9 - c/45. Let l = 17 + v. What are the prime factors of l?
2, 5
Let v = 40 + -30. Let k be 35*((-3)/(-21) + -1). What are the prime factors of (56/v)/(k/(-75))?
2, 7
Let x be -1 - 102/(-4 - -2). Let t = x + -12. List the prime factors of t.
2, 19
Let k = 2 - -13. Let i(r) = -r**2 + 25*r - 43. List the prime factors of i(k).
107
Let t(g) = 17*g**2 - 36*g + 254. List the prime factors of t(13).
2659
Let u = -10 - 4. Let a = u - -19. Suppose -t = a*t - 192. List the prime factors of t.
2
Suppose 4*v = -x + 10769, 2*x + 13440 = 5*v - x. What are the prime factors of v?
3, 13, 23
Suppose -6 - 4 = -v. Let h be (-68)/(-2) + v/(-10). List the prime factors of 1 - h/3*-2.
23
Let i(z) = 3*z + 25. Let w be i(0). Let y = w + 6. What are the prime factors of y?
31
Suppose 5*b = -2*y + 7*y + 10, -6 = -3*b - 2*y. Suppose -282 = -b*w - w + 3*h, 3*w - 274 = -5*h. What are the prime factors of w?
3, 31
Let u(z) = 18 - 10*z**2 + 5*z + 2*z + 11*z**2 - 20. List the prime factors of u(5).
2, 29
Suppose -3*c = w + 1 + 10, 3*w = 12. Let g be 4*2 + 10/c. Let y(f) = 6*f - 6. What are the prime factors of y(g)?
2, 3, 5
What are the prime factors of (-3 + 2)/(1/(-473))?
11, 43
Let h = -39 - -44. Suppose 3*c - 4*x - 72 = 0, -c + h*x - 2*x = -29. List the prime factors of c.
2, 5
Let y(c) = 3*c + 4. Let a be y(0). Suppose -l + 650 = a*l. What are the prime factors of l?
2, 5, 13
Let s = -22 + 193. Suppose -4*u + 5*w = -s, 2*w - 12 - 138 = -4*u. Suppose 4*y - u = 121. What are the prime factors of y?
2, 5
Let y = 1936 - 685. List the prime factors of y.
3, 139
Let r = 9 + -24. Let p be r + (-3 - 0) - -3. What are the prime factors of 8/20 + (-39)/p?
3
Suppose 141*k = 142*k - 172. What are the prime factors of k?
2, 43
Let g(w) = 12*w + 16. Suppose -5 = 5*b + 5*j + 10, 47 = -4*b + 3*j. Let a(s) = 18*s + 24. Let y(x) = b*g(x) + 5*a(x). List the prime factors of y(-12).
2
Suppose 0 = -251*d + 243*d + 4560. List the prime factors of d.
2, 3, 5, 19
Suppose 10 + 6 = -4*k. Let q be (1/3)/(k/(-24)). Suppose q*z - 2 - 48 = 0. What are the prime factors of z?
5
Suppose 24 = -3*x + 4*f, 3*f = -2*x + x - 8. What are the prime factors of (-4 - 0 - 0)*34/x?
17
Suppose -5*b + 27 = -243. Suppose d - 3*z = -0*d + b, 4*z = -5*d + 327. What are the prime factors of d?
3, 7
What are the prime factors of 65990/35 - 4/(-7)?
2, 23, 41
Let f = 18 - 35. Let r = 81 + f. List the prime factors of r.
2
Let p(q) = -q**3 + 3*q**2 + 3*q - 2. Let u be p(3). Suppose -u*c + 136 + 697 = 0. List the prime factors of c.
7, 17
Suppose 0 = -223*v + 228*v - 160. What are the prime factors of v?
2
Suppose -5*p = r - 32, -4*p + 31 = -r - 0*r. Suppose p*k = 272 + 64. List the prime factors of k.
2, 3
Suppose -32*r + 23627 = -32405. What are the prime factors of r?
17, 103
Let w be (1 - -1)*-14*(-21)/12. Let u = w + -43. What are the prime factors of u?
2, 3
Let f = -186 - 52. Let g = f - -384. What are the prime factors of g?
2, 73
Let a be 49/14*(2 - 0). Suppose -4*p + 3*b - a = -23, 0 = -4*p - 4*b + 44. What are the prime factors of p?
7
Suppose 2*l + 2*f = -370, 0*f + 4*f = 0. Let i = -96 - l. What are the prime factors of i?
89
Let z(j) = 49*j - 781. List the prime factors of z(31).
2, 3, 41
List the prime factors of -13 + 15 + 1246 + 0.
2, 3, 13
Suppose 5999 = 20*j - 3001. List the prime factors of j.
2, 3, 5
What are the prime factors of (183 + 0 - (-6 - -7)) + -1?
181
Suppose 4*j + 14 = a, 7 = 5*a + j - 0*j. Suppose -3*w + i + 16 = 0, a*i + 2 + 0 = w. What are the prime factors of w?
2, 3
Let b = 2845 + -1899. What are the prime factors of b?
2, 11, 43
Let t(b) = -28*b**3 + b. Let j be t(1). Let a = 70 + j. What are the prime factors of a?
43
Let o(f) = -4 - 15*f**3 + 4*f**3 + 3*f + 10*f**3. List the prime factors of o(-5).
2, 53
Let y(c) = c + 18. Let u be y(-13). Let o = u - 3. Suppose -4*d = -o*d - 120. What are the prime factors of d?
2, 3, 5
Let g = 20 + -17. Let c be (5/(-2))/(g/(-6)). Suppose 2*u - 4*w + 2 = 58, c*w = -10. List the prime factors of u.
2, 3
Let b(n) = -12*n - 3. Let p be b(7). Let v = p + 160. What are the prime factors of v?
73
Suppose -9*m = -10569 - 10977. List the prime factors of m.
2, 3, 7, 19
Let o = 28 + -26. Suppose -t - o*h = -25, 0*t + t = 3*h + 30. What are the prime factors of t?
3
Suppose -2*a - 5*b + 551 = -1078, 4*b + 4792 = 6*a. List the prime factors of a.
2, 401
Suppose 3*w + 17 - 53 = 0. Let h(k) = k - 12. Let q be h(w). Suppose 0*p = f + 3*p - 31, q = -p - 3. List the prime factors of f.
2, 5
Let q = 4 - 0. Suppose -4*u + 2*c = -12, u - q*c - 3 = -c. Let v = u - -2. What are the prime factors of v?
5
Suppose -4*b - 5*o = -2*o - 11, 5*o = 5*b - 5. What are the prime factors of (231/(-66))/(b/(-108))?
3, 7
Let d = 135 + -61. Suppose 2*j - d = i, 2*i + i = -4*j + 168. List the prime factors of j.
3, 13
Let k(t) = -t - 8. Let p be k(-12). Let a be 6 - p/(-